{"id":2,"date":"2023-05-12T07:53:32","date_gmt":"2023-05-12T07:53:32","guid":{"rendered":"https:\/\/yem-swiss.com\/juerg-sulger\/?page_id=2"},"modified":"2023-08-23T13:21:57","modified_gmt":"2023-08-23T13:21:57","slug":"sample-page","status":"publish","type":"page","link":"https:\/\/yem-swiss.com\/juerg-sulger\/","title":{"rendered":"J\u00fcrg Sulger"},"content":{"rendered":"<section class=\"wpb-content-wrapper\"><p>[vc_row][vc_column][vc_column_text]<\/p>\r\n<p class=\"has-text-align-center has-medium-font-size\"><strong><a href=\"https:\/\/yem-swiss.com\/juerg-sulger\/shop\/\" target=\"_blank\" rel=\"noreferrer noopener\">Online Shop<\/a><\/strong><\/p>\r\n\r\n<table width=\"1177\">\r\n<tbody>\r\n<tr>\r\n<td width=\"117\">Name<\/td>\r\n<td width=\"89\">Sulger<\/td>\r\n<td width=\"32\">\u00a0<\/td>\r\n<td width=\"88\">\u00a0<\/td>\r\n<td width=\"88\">\u00a0<\/td>\r\n<td width=\"88\">\u00a0<\/td>\r\n<td width=\"88\">\u00a0<\/td>\r\n<td width=\"97\">\u00a0<\/td>\r\n<td rowspan=\"6\" width=\"88\">\r\n<table>\r\n<tbody>\r\n<tr>\r\n<td rowspan=\"6\" width=\"88\"><img loading=\"lazy\" decoding=\"async\" class=\"alignnone size-full wp-image-19\" src=\"https:\/\/yem-swiss.com\/juerg-sulger\/wp-content\/uploads\/2023\/05\/Juerg-Sulger.png\" alt=\"Juerg Sulger\" width=\"138\" height=\"200\" \/><\/td>\r\n<\/tr>\r\n<\/tbody>\r\n<\/table>\r\n<\/td>\r\n<td width=\"47\">\u00a0<\/td>\r\n<td width=\"179\">\u00a0<\/td>\r\n<td width=\"88\">\u00a0<\/td>\r\n<td width=\"88\">\u00a0<\/td>\r\n<\/tr>\r\n<tr>\r\n<td>Vorname<\/td>\r\n<td>J\u00fcrg<\/td>\r\n<td>\u00a0<\/td>\r\n<td>\u00a0<\/td>\r\n<td>\u00a0<\/td>\r\n<td>\u00a0<\/td>\r\n<td>\u00a0<\/td>\r\n<td>\u00a0<\/td>\r\n<td>\u00a0<\/td>\r\n<td>\u00a0<\/td>\r\n<td>\u00a0<\/td>\r\n<td>\u00a0<\/td>\r\n<\/tr>\r\n<tr>\r\n<td>Pernum<\/td>\r\n<td>1000923611<\/td>\r\n<td>\u00a0<\/td>\r\n<td>\u00a0<\/td>\r\n<td>\u00a0<\/td>\r\n<td>\u00a0<\/td>\r\n<td>\u00a0<\/td>\r\n<td>\u00a0<\/td>\r\n<td>\u00a0<\/td>\r\n<td>\u00a0<\/td>\r\n<td>\u00a0<\/td>\r\n<td>\u00a0<\/td>\r\n<\/tr>\r\n<tr>\r\n<td>Jahrgang<\/td>\r\n<td>1957<\/td>\r\n<td>\u00a0<\/td>\r\n<td>\u00a0<\/td>\r\n<td>\u00a0<\/td>\r\n<td>\u00a0<\/td>\r\n<td>\u00a0<\/td>\r\n<td>\u00a0<\/td>\r\n<td>\u00a0<\/td>\r\n<td>\u00a0<\/td>\r\n<td>\u00a0<\/td>\r\n<td>\u00a0<\/td>\r\n<\/tr>\r\n<tr>\r\n<td>Mobile<\/td>\r\n<td colspan=\"3\">+41 79 678 6579<\/td>\r\n<td>\u00a0<\/td>\r\n<td>\u00a0<\/td>\r\n<td>\u00a0<\/td>\r\n<td>\u00a0<\/td>\r\n<td>\u00a0<\/td>\r\n<td>\u00a0<\/td>\r\n<td>\u00a0<\/td>\r\n<td>\u00a0<\/td>\r\n<td>\u00a0<\/td>\r\n<\/tr>\r\n<tr>\r\n<td>email<\/td>\r\n<td colspan=\"3\"><a href=\"mailto:juerg.sulger@bluewin.ch\">juerg.sulger@bluewin.ch<\/a><\/td>\r\n<td>\u00a0<\/td>\r\n<td>\u00a0<\/td>\r\n<td>\u00a0<\/td>\r\n<td>\u00a0<\/td>\r\n<td>\u00a0<\/td>\r\n<td>\u00a0<\/td>\r\n<td>\u00a0<\/td>\r\n<td>\u00a0<\/td>\r\n<\/tr>\r\n<tr>\r\n<td>Angebots-URL:<\/td>\r\n<td colspan=\"4\"><a href=\"https:\/\/yem-swiss.com\/juerg-sulger\">https:\/\/yem-swiss.com\/juerg-sulger\u00a0<\/a><\/td>\r\n<td>\u00a0<\/td>\r\n<td>\u00a0<\/td>\r\n<td>\u00a0<\/td>\r\n<td>\u00a0<\/td>\r\n<td>\u00a0<\/td>\r\n<td>\u00a0<\/td>\r\n<td>\u00a0<\/td>\r\n<td>\u00a0<\/td>\r\n<\/tr>\r\n<tr>\r\n<td>\u00a0<\/td>\r\n<td>\u00a0<\/td>\r\n<td>\u00a0<\/td>\r\n<td>\u00a0<\/td>\r\n<td>\u00a0<\/td>\r\n<td>\u00a0<\/td>\r\n<td>\u00a0<\/td>\r\n<td>\u00a0<\/td>\r\n<td>\u00a0<\/td>\r\n<td>\u00a0<\/td>\r\n<td>\u00a0<\/td>\r\n<td>\u00a0<\/td>\r\n<td>\u00a0<\/td>\r\n<\/tr>\r\n<tr>\r\n<td>zu mir:<\/td>\r\n<td colspan=\"10\" rowspan=\"7\" width=\"884\">\r\n<p>Ich bin Schweizer, wohnhaft in Ascona (Tessin, CH) und lebe hier mit meiner Suzanne zusammen in einer klassischen Villa am See. Urspr\u00fcnglich komme ich von Z\u00fcrich, habe Betriebswirtschaft studiert, halte mit meiner Frau zusammen eine GmbH, wo wir Strategie-Entwicklung und -umsetzungsbegeleitung sowie Coaching von KMU-F\u00fchrungspersonen (KMU=Mittelst\u00e4ndler) anbieten.\u00a0<\/p>\r\n<p>Ich bin \u00fcberzeugter Buddhist, Meister im Pencak Silat (PS) &#8211; indon. Karate &#8211; und Liebhaber von Natur, vom Meer bis zu den Bergen, wo ich mich auch immer wieder gerne aufhalte, wandere, Pilze suche oder einfach nur in Ruhe verweile, aber auch\u00a0 gern mal\u00a0 joggen gehe. Ich habe Freude an alten Ami-Wagen und Motorr\u00e4dern, liebe 60er Sound und Country, und ich reise gerne.<\/p>\r\n<\/td>\r\n<td>\u00a0<\/td>\r\n<td>\u00a0<\/td>\r\n<\/tr>\r\n<tr>\r\n<td>\u00a0<\/td>\r\n<td>\u00a0<\/td>\r\n<td>\u00a0<\/td>\r\n<\/tr>\r\n<tr>\r\n<td>\u00a0<\/td>\r\n<td>\u00a0<\/td>\r\n<td>\u00a0<\/td>\r\n<\/tr>\r\n<tr>\r\n<td>\u00a0<\/td>\r\n<td>\u00a0<\/td>\r\n<td>\u00a0<\/td>\r\n<\/tr>\r\n<tr>\r\n<td>\u00a0<\/td>\r\n<td>\u00a0<\/td>\r\n<td>\u00a0<\/td>\r\n<\/tr>\r\n<tr>\r\n<td>\u00a0<\/td>\r\n<td>\u00a0<\/td>\r\n<td>\u00a0<\/td>\r\n<\/tr>\r\n<tr>\r\n<td>\u00a0<\/td>\r\n<td>\u00a0<\/td>\r\n<td>\u00a0<\/td>\r\n<\/tr>\r\n<tr>\r\n<td>\u00a0<\/td>\r\n<td>\u00a0<\/td>\r\n<td>\u00a0<\/td>\r\n<td>\u00a0<\/td>\r\n<td>\u00a0<\/td>\r\n<td>\u00a0<\/td>\r\n<td>\u00a0<\/td>\r\n<td>\u00a0<\/td>\r\n<td>\u00a0<\/td>\r\n<td>\u00a0<\/td>\r\n<td>\u00a0<\/td>\r\n<td>\u00a0<\/td>\r\n<td>\u00a0<\/td>\r\n<\/tr>\r\n<tr>\r\n<td>Wie&#8217;s dazu kam:<\/td>\r\n<td colspan=\"10\" rowspan=\"5\" width=\"884\">Ein YEM-Founder und Interessent hat eine unserer Liegenschaften in YEM anbezahlt, der Deal kam aber trotz erheblicher Aufwendungen unsererseits nicht zustande.\u00a0 Zur\u00fcck blieb die Anzahlung, die uns nun anspornt, mehr aus dieser W\u00e4hrung zu machen. Konkret soll eine Community entstehen, die mit einem Startkapital unsererseits den Ansporn hat, gegenseitig in fairer Weise Waren und Dienstleistungen gegen YEM auszutauschen. Damit soll die Angebotsvielfalt in dieser W\u00e4hrung wirkungsvoll verbessert und ebenso die Transparenz unter den Beteiligten erh\u00f6ht werden.<\/td>\r\n<td>\u00a0<\/td>\r\n<td>\u00a0<\/td>\r\n<\/tr>\r\n<tr>\r\n<td>\u00a0<\/td>\r\n<td>\u00a0<\/td>\r\n<td>\u00a0<\/td>\r\n<\/tr>\r\n<tr>\r\n<td>\u00a0<\/td>\r\n<td>\u00a0<\/td>\r\n<td>\u00a0<\/td>\r\n<\/tr>\r\n<tr>\r\n<td>\u00a0<\/td>\r\n<td>\u00a0<\/td>\r\n<td>\u00a0<\/td>\r\n<\/tr>\r\n<tr>\r\n<td>\u00a0<\/td>\r\n<td>\u00a0<\/td>\r\n<td>\u00a0<\/td>\r\n<\/tr>\r\n<tr>\r\n<td>\u00a0<\/td>\r\n<td>\u00a0<\/td>\r\n<td>\u00a0<\/td>\r\n<td>\u00a0<\/td>\r\n<td>\u00a0<\/td>\r\n<td>\u00a0<\/td>\r\n<td>\u00a0<\/td>\r\n<td>\u00a0<\/td>\r\n<td>\u00a0<\/td>\r\n<td>\u00a0<\/td>\r\n<td>\u00a0<\/td>\r\n<td>\u00a0<\/td>\r\n<td>\u00a0<\/td>\r\n<\/tr>\r\n<tr>\r\n<td>meine Vision:<\/td>\r\n<td colspan=\"10\" rowspan=\"2\" width=\"884\">Eine Gemeinschaft Gleichgesinnter, die offen, initiativ und interessiert sind und in einer Community mit eigener W\u00e4hrung gemeinsam Waren und Dienstleistung austauschen, aber auch Freude, Ideen und Inspirationen f\u00fcr eine bessere Welt teilen.<\/td>\r\n<td>\u00a0<\/td>\r\n<td>\u00a0<\/td>\r\n<\/tr>\r\n<tr>\r\n<td>\u00a0<\/td>\r\n<td>\u00a0<\/td>\r\n<td>\u00a0<\/td>\r\n<\/tr>\r\n<tr>\r\n<td>\u00a0<\/td>\r\n<td>\u00a0<\/td>\r\n<td>\u00a0<\/td>\r\n<td>\u00a0<\/td>\r\n<td>\u00a0<\/td>\r\n<td>\u00a0<\/td>\r\n<td>\u00a0<\/td>\r\n<td>\u00a0<\/td>\r\n<td>\u00a0<\/td>\r\n<td>\u00a0<\/td>\r\n<td>\u00a0<\/td>\r\n<td>\u00a0<\/td>\r\n<td>\u00a0<\/td>\r\n<\/tr>\r\n<tr>\r\n<td>Angebot P:<\/td>\r\n<td colspan=\"10\" rowspan=\"2\" width=\"884\">durch mich gef\u00fchrte Ausfl\u00fcge im Tessin, an traditionelle Orte, in versteckte Grottos (tessiner Restaurants) oder zu spannenden Inseln im Lago Maggiore:<\/td>\r\n<td>\u00a0<\/td>\r\n<td>\u00a0<\/td>\r\n<\/tr>\r\n<tr>\r\n<td>\u00a0<\/td>\r\n<td>\u00a0<\/td>\r\n<td>CHF\/\u20ac<\/td>\r\n<\/tr>\r\n<tr>\r\n<td>\u00a0<\/td>\r\n<td>\u00a0<\/td>\r\n<td>\u00a0<\/td>\r\n<td colspan=\"8\">\u00a0<\/td>\r\n<td>\u00a0<\/td>\r\n<td>\u00a0<\/td>\r\n<\/tr>\r\n<tr>\r\n<td>\u00a0<\/td>\r\n<td>\u00a0<\/td>\r\n<td>1<\/td>\r\n<td colspan=\"5\">Ausflug mit Motorboot auf die Brissago-Insel mit Rundgang, Imbiss im Restaurant (auf eig. Rechnung)\u00a0und R\u00fcckfahrt mit einem k\u00fchlen Drink und Bad im See, 1\/2 Tag<\/td>\r\n<td>0.04<\/td>\r\n<td>YEM<\/td>\r\n<td>pauschal je Fahrt<\/td>\r\n<td>\u00a0<\/td>\r\n<td><a href=\"https:\/\/yem-swiss.com\/juerg-sulger\/produkt\/1-ausflug-mit-motorboot\/\" target=\"_blank\" rel=\"noopener\">1000<\/a><\/td>\r\n<\/tr>\r\n<tr>\r\n<td>\u00a0<\/td>\r\n<td>\u00a0<\/td>\r\n<td>\u00a0<\/td>\r\n<td colspan=\"8\">\u00a0<\/td>\r\n<td>\u00a0<\/td>\r\n<td>\u00a0<\/td>\r\n<\/tr>\r\n<tr>\r\n<td>\u00a0<\/td>\r\n<td>\u00a0<\/td>\r\n<td>2<\/td>\r\n<td colspan=\"5\">Tagesausflug mit Motorboot zu den borom\u00e4ischen Inseln mit Mittagessen (auf eig. Rechnung), Besuch von2 der 3 Inseln inkl. Eintritte, Apero auf Boot und Bad im See<\/td>\r\n<td>0.1<\/td>\r\n<td>YEM<\/td>\r\n<td>pauschal je Fahrt<\/td>\r\n<td>\u00a0<\/td>\r\n<td><a href=\"https:\/\/yem-swiss.com\/juerg-sulger\/produkt\/2-tagesausflug-mit-motorboot\/\" target=\"_blank\" rel=\"noopener\">2500<\/a><\/td>\r\n<\/tr>\r\n<tr>\r\n<td>\u00a0<\/td>\r\n<td>\u00a0<\/td>\r\n<td>\u00a0<\/td>\r\n<td colspan=\"8\">\u00a0<\/td>\r\n<td>\u00a0<\/td>\r\n<td>\u00a0<\/td>\r\n<\/tr>\r\n<tr>\r\n<td>\u00a0<\/td>\r\n<td>\u00a0<\/td>\r\n<td>3<\/td>\r\n<td colspan=\"5\">Ausflug mit Oldtimer Buick 1963 Cabrio ins Maggia-Tal, mit kleiner Wanderung, Mittagessen unterwegs,\u00a0Kaffee im Grotto America und zur\u00fcck vor dem Grenzverkehr, 1 Tag<\/td>\r\n<td>0.08<\/td>\r\n<td>YEM<\/td>\r\n<td>pauschal je Fahrt<\/td>\r\n<td>\u00a0<\/td>\r\n<td><a href=\"https:\/\/yem-swiss.com\/juerg-sulger\/produkt\/3-ausflug-mit-oldtimer\/\" target=\"_blank\" rel=\"noopener\">2000<\/a><\/td>\r\n<\/tr>\r\n<tr>\r\n<td>\u00a0<\/td>\r\n<td>\u00a0<\/td>\r\n<td>4<\/td>\r\n<td colspan=\"5\">gemeinsam Pilze suchen (3\/4 Tag), Steinpilze und Eierschw\u00e4mme<\/td>\r\n<td>0.04<\/td>\r\n<td>YEM<\/td>\r\n<td>pauschal je Fahrt<\/td>\r\n<td>\u00a0<\/td>\r\n<td><a href=\"https:\/\/yem-swiss.com\/juerg-sulger\/produkt\/4-gemeinsam-pilze-suchen\/\" target=\"_blank\" rel=\"noopener\">1000<\/a><\/td>\r\n<\/tr>\r\n<tr>\r\n<td>\u00a0<\/td>\r\n<td>\u00a0<\/td>\r\n<td>\u00a0<\/td>\r\n<td>\u00a0<\/td>\r\n<td>\u00a0<\/td>\r\n<td>\u00a0<\/td>\r\n<td>\u00a0<\/td>\r\n<td>\u00a0<\/td>\r\n<td>\u00a0<\/td>\r\n<td>\u00a0<\/td>\r\n<td>\u00a0<\/td>\r\n<td>\u00a0<\/td>\r\n<td>\u00a0<\/td>\r\n<\/tr>\r\n<tr>\r\n<td>\u00a0<\/td>\r\n<td colspan=\"10\" rowspan=\"4\" width=\"884\">durch Suzanne vermietete Objekte, konkret unsere im Jugendstilhaus einliegende Ferienwohnung (FW) mit Garten und Grotte,sowie Badestrand, oder unser Seeh\u00fcsli (SH) direkt am Wasser mit grosser Pergola, Grill, Standup-Padel und viel Privacy. Die Reinigung\/W\u00e4sche f\u00fcr beide Objekte kostet einmalig 100 CHF f\u00fcr SH bzw. 160 CHF f\u00fcr FW und ist separat vom Mietpreis in CHF zu entrichten.<br \/>Die Website gibt Auskunft \u00fcber Lage und Belegung, eure Bestellung erfolgt tel. oder per email direkt an uns:<\/td>\r\n<td>\u00a0<\/td>\r\n<td>\u00a0<\/td>\r\n<\/tr>\r\n<tr>\r\n<td>\u00a0<\/td>\r\n<td>\u00a0<\/td>\r\n<td>\u00a0<\/td>\r\n<\/tr>\r\n<tr>\r\n<td>\u00a0<\/td>\r\n<td>\u00a0<\/td>\r\n<td>\u00a0<\/td>\r\n<\/tr>\r\n<tr>\r\n<td>\u00a0<\/td>\r\n<td>\u00a0<\/td>\r\n<td>\u00a0<\/td>\r\n<\/tr>\r\n<tr>\r\n<td>\u00a0<\/td>\r\n<td>\u00a0<\/td>\r\n<td>5<\/td>\r\n<td colspan=\"5\">Ferienwohnung 1,5 Zi, gem\u00e4ss Ausschreibung im Internet, f\u00fcr 2 Pers.<\/td>\r\n<td>0.012<\/td>\r\n<td>YEM<\/td>\r\n<td>Preis pro Tag, min. 3 Tage<\/td>\r\n<td>\u00a0<\/td>\r\n<td><a href=\"https:\/\/yem-swiss.com\/juerg-sulger\/produkt\/5-ferienwohnung-15-zimmer\/\" target=\"_blank\" rel=\"noopener\">300<\/a><\/td>\r\n<\/tr>\r\n<tr>\r\n<td>\u00a0<\/td>\r\n<td>\u00a0<\/td>\r\n<td>\u00a0<\/td>\r\n<td colspan=\"4\"><a href=\"https:\/\/ferienwohnungen-tessin.ch\/1007\">https:\/\/ferienwohnungen-tessin.ch\/1007<\/a><\/td>\r\n<td>\u00a0<\/td>\r\n<td>\u00a0<\/td>\r\n<td>\u00a0<\/td>\r\n<td>(nur Nov-Feb)<\/td>\r\n<td>\u00a0<\/td>\r\n<td>\u00a0<\/td>\r\n<\/tr>\r\n<tr>\r\n<td>\u00a0<\/td>\r\n<td>\u00a0<\/td>\r\n<td>6<\/td>\r\n<td colspan=\"5\">Seeh\u00fcsli, mit Bootssteg und Liegewiese, Parkplatz, max 2 Pers.<\/td>\r\n<td>0.012<\/td>\r\n<td>YEM<\/td>\r\n<td>Preis pro Tag, min. 2 Tage<\/td>\r\n<td>\u00a0<\/td>\r\n<td><a href=\"https:\/\/yem-swiss.com\/juerg-sulger\/produkt\/6-seehuesli-mit-bootssteg\/\" target=\"_blank\" rel=\"noopener\">300<\/a><\/td>\r\n<\/tr>\r\n<tr>\r\n<td>\u00a0<\/td>\r\n<td>\u00a0<\/td>\r\n<td>\u00a0<\/td>\r\n<td colspan=\"4\"><a href=\"https:\/\/ferienwohnungen-tessin.ch\/1129\">https:\/\/ferienwohnungen-tessin.ch\/1129<\/a><\/td>\r\n<td>\u00a0<\/td>\r\n<td>\u00a0<\/td>\r\n<td>\u00a0<\/td>\r\n<td>(nur Nov-Feb)<\/td>\r\n<td>\u00a0<\/td>\r\n<td>\u00a0<\/td>\r\n<\/tr>\r\n<tr>\r\n<td>\u00a0<\/td>\r\n<td>\u00a0<\/td>\r\n<td>\u00a0<\/td>\r\n<td>\u00a0<\/td>\r\n<td>\u00a0<\/td>\r\n<td>\u00a0<\/td>\r\n<td>\u00a0<\/td>\r\n<td>\u00a0<\/td>\r\n<td>\u00a0<\/td>\r\n<td>\u00a0<\/td>\r\n<td>\u00a0<\/td>\r\n<td>\u00a0<\/td>\r\n<td>\u00a0<\/td>\r\n<\/tr>\r\n<tr>\r\n<td>\u00a0<\/td>\r\n<td colspan=\"10\" rowspan=\"2\" width=\"884\">durch mich vorgef\u00fchrte, erk\u00e4rte und geleitete \u00dcbungen und Abl\u00e4ufe &#8211; alleine und zusammen &#8211; zu den Themen Pencak Silat und Mahayana-Buddhismus, inkl. Trainingssequenzen und Unterlagen:<\/td>\r\n<td>\u00a0<\/td>\r\n<td>\u00a0<\/td>\r\n<\/tr>\r\n<tr>\r\n<td>\u00a0<\/td>\r\n<td>\u00a0<\/td>\r\n<td>\u00a0<\/td>\r\n<\/tr>\r\n<tr>\r\n<td>\u00a0<\/td>\r\n<td>\u00a0<\/td>\r\n<td>7<\/td>\r\n<td colspan=\"5\">Einblick in die Indonesische Kampfkunst Pencak Silat (PS), 2h<\/td>\r\n<td>0.02<\/td>\r\n<td>YEM<\/td>\r\n<td>pauschal<\/td>\r\n<td>\u00a0<\/td>\r\n<td><a href=\"https:\/\/yem-swiss.com\/juerg-sulger\/produkt\/7-einblick-pencak-silat\/\" target=\"_blank\" rel=\"noopener\">500<\/a><\/td>\r\n<\/tr>\r\n<tr>\r\n<td>\u00a0<\/td>\r\n<td>\u00a0<\/td>\r\n<td>8<\/td>\r\n<td colspan=\"5\">Grundkurs im Pencak Silat, 5x 2h (innert einer Woche), inkl. Unterl.<\/td>\r\n<td>0.1<\/td>\r\n<td>YEM<\/td>\r\n<td>pauschal, Ort: Ascona<\/td>\r\n<td>\u00a0<\/td>\r\n<td><a href=\"https:\/\/yem-swiss.com\/juerg-sulger\/produkt\/pencak-silat\/\" target=\"_blank\" rel=\"noopener\">2500<\/a><\/td>\r\n<\/tr>\r\n<tr>\r\n<td>\u00a0<\/td>\r\n<td>\u00a0<\/td>\r\n<td>9<\/td>\r\n<td colspan=\"5\">Einf\u00fchr. in den Buddhismus, 1\/2 Tag, inkl. gemeins. \u00dcbungen u. Buch<\/td>\r\n<td>0.04<\/td>\r\n<td>YEM<\/td>\r\n<td>pauschal<\/td>\r\n<td>\u00a0<\/td>\r\n<td><a href=\"https:\/\/yem-swiss.com\/juerg-sulger\/produkt\/einfuehrung-in-den-buddhismus\/\" target=\"_blank\" rel=\"noopener\">1000<\/a><\/td>\r\n<\/tr>\r\n<tr>\r\n<td>\u00a0<\/td>\r\n<td>\u00a0<\/td>\r\n<td>\u00a0<\/td>\r\n<td>\u00a0<\/td>\r\n<td>\u00a0<\/td>\r\n<td>\u00a0<\/td>\r\n<td>\u00a0<\/td>\r\n<td>\u00a0<\/td>\r\n<td>\u00a0<\/td>\r\n<td>\u00a0<\/td>\r\n<td>\u00a0<\/td>\r\n<td>\u00a0<\/td>\r\n<td>\u00a0<\/td>\r\n<\/tr>\r\n<tr>\r\n<td>\u00a0<\/td>\r\n<td>\u00a0<\/td>\r\n<td>\u00a0<\/td>\r\n<td>\u00a0<\/td>\r\n<td>\u00a0<\/td>\r\n<td>\u00a0<\/td>\r\n<td>\u00a0<\/td>\r\n<td>\u00a0<\/td>\r\n<td>\u00a0<\/td>\r\n<td>\u00a0<\/td>\r\n<td>\u00a0<\/td>\r\n<td>\u00a0<\/td>\r\n<td>\u00a0<\/td>\r\n<\/tr>\r\n<tr>\r\n<td>Angebot G:<\/td>\r\n<td colspan=\"10\" rowspan=\"3\" width=\"884\">Die Strategie-Entwicklung und -umsetzungsbegleitung entspricht meinem Job und meiner spezifischen Ausbildung an der Controller-Akademie in M\u00fcnchen und eignet sich f\u00fcr KMUs (mittelst\u00e4ndische Unternehmen) mit der Garantie, dass die gemeinsam definierte Vision, die Strategien und strategischen Projekte mittel BSC umgesetzt und auch erreicht werden.<\/td>\r\n<td>\u00a0<\/td>\r\n<td>\u00a0<\/td>\r\n<\/tr>\r\n<tr>\r\n<td>\u00a0<\/td>\r\n<td>\u00a0<\/td>\r\n<td>\u00a0<\/td>\r\n<\/tr>\r\n<tr>\r\n<td>\u00a0<\/td>\r\n<td>\u00a0<\/td>\r\n<td>\u00a0<\/td>\r\n<\/tr>\r\n<tr>\r\n<td>\u00a0<\/td>\r\n<td>\u00a0<\/td>\r\n<td>10<\/td>\r\n<td colspan=\"5\">Strategie-Entwicklung mit KMU, pauschal f\u00fcr total 3 Tage<\/td>\r\n<td>0.4<\/td>\r\n<td>YEM<\/td>\r\n<td>(exkl. Infrastruktur)<\/td>\r\n<td>\u00a0<\/td>\r\n<td><a href=\"https:\/\/yem-swiss.com\/juerg-sulger\/produkt\/10-strategie-entwicklung\/\" target=\"_blank\" rel=\"noopener\">10000<\/a><\/td>\r\n<\/tr>\r\n<tr>\r\n<td>\u00a0<\/td>\r\n<td>\u00a0<\/td>\r\n<td>11<\/td>\r\n<td colspan=\"5\">Begleitung der Strategie-Umsetzung in 5-6 Meetings zu je 1,5 h<\/td>\r\n<td>0.2<\/td>\r\n<td>YEM<\/td>\r\n<td>(pauschal)<\/td>\r\n<td>\u00a0<\/td>\r\n<td><a href=\"https:\/\/yem-swiss.com\/juerg-sulger\/produkt\/11-begleitung-strategie\/\" target=\"_blank\" rel=\"noopener\">5000<\/a><\/td>\r\n<\/tr>\r\n<tr>\r\n<td>\u00a0<\/td>\r\n<td>\u00a0<\/td>\r\n<td>12<\/td>\r\n<td colspan=\"5\">Stundenweise Unterst\u00fctzung per Tel., soz. Media, Zoom etc.<\/td>\r\n<td>0.01<\/td>\r\n<td>YEM<\/td>\r\n<td>(Stundenansatz)<\/td>\r\n<td>\u00a0<\/td>\r\n<td><a href=\"https:\/\/yem-swiss.com\/juerg-sulger\/produkt\/stundenweise-unterstuetzung\/\" target=\"_blank\" rel=\"noopener\">250<\/a><\/td>\r\n<\/tr>\r\n<\/tbody>\r\n<\/table>\r\n\r\n<p class=\"has-text-color\" style=\"color: #f7f3f3;\"><\/p>\r\n<p>[\/vc_column_text][\/vc_column][\/vc_row]<\/p><\/section>","protected":false},"excerpt":{"rendered":"<p>[vc_row][vc_column][vc_column_text] Online Shop Name Sulger \u00a0 \u00a0 \u00a0 \u00a0 \u00a0 \u00a0 \u00a0 \u00a0 \u00a0 \u00a0 Vorname J\u00fcrg \u00a0 \u00a0 \u00a0 \u00a0 \u00a0 \u00a0 \u00a0 \u00a0 \u00a0 \u00a0 Pernum 1000923611 \u00a0 \u00a0 \u00a0 \u00a0 \u00a0 \u00a0 \u00a0 \u00a0 \u00a0 \u00a0 Jahrgang 1957 \u00a0 \u00a0 \u00a0 \u00a0 \u00a0 \u00a0 \u00a0 \u00a0 \u00a0 \u00a0 Mobile +41 79 678&#8230;<\/p>\n","protected":false},"author":1,"featured_media":0,"parent":0,"menu_order":0,"comment_status":"closed","ping_status":"open","template":"","meta":{"_kadence_starter_templates_imported_post":false,"_kad_post_transparent":"default","_kad_post_title":"default","_kad_post_layout":"default","_kad_post_sidebar_id":"","_kad_post_content_style":"default","_kad_post_vertical_padding":"default","_kad_post_feature":"","_kad_post_feature_position":"","_kad_post_header":false,"_kad_post_footer":false,"_kad_post_classname":"","footnotes":""},"class_list":["post-2","page","type-page","status-publish","hentry"],"_links":{"self":[{"href":"https:\/\/yem-swiss.com\/juerg-sulger\/wp-json\/wp\/v2\/pages\/2","targetHints":{"allow":["GET"]}}],"collection":[{"href":"https:\/\/yem-swiss.com\/juerg-sulger\/wp-json\/wp\/v2\/pages"}],"about":[{"href":"https:\/\/yem-swiss.com\/juerg-sulger\/wp-json\/wp\/v2\/types\/page"}],"author":[{"embeddable":true,"href":"https:\/\/yem-swiss.com\/juerg-sulger\/wp-json\/wp\/v2\/users\/1"}],"replies":[{"embeddable":true,"href":"https:\/\/yem-swiss.com\/juerg-sulger\/wp-json\/wp\/v2\/comments?post=2"}],"version-history":[{"count":27,"href":"https:\/\/yem-swiss.com\/juerg-sulger\/wp-json\/wp\/v2\/pages\/2\/revisions"}],"predecessor-version":[{"id":86,"href":"https:\/\/yem-swiss.com\/juerg-sulger\/wp-json\/wp\/v2\/pages\/2\/revisions\/86"}],"wp:attachment":[{"href":"https:\/\/yem-swiss.com\/juerg-sulger\/wp-json\/wp\/v2\/media?parent=2"}],"curies":[{"name":"wp","href":"https:\/\/api.w.org\/{rel}","templated":true}]}}